e factors of 1323874.
2, 283, 2339
What are the prime factors of 1412400?
2, 3, 5, 11, 107
List the prime factors of 12882596.
2, 83, 38803
What are the prime factors of 5705491?
11, 19, 27299
What are the prime factors of 22854480?
2, 3, 5, 11, 787
What are the prime factors of 3740298?
2, 3, 623383
What are the prime factors of 1153748?
2, 211, 1367
What are the prime factors of 7975243?
97, 82219
List the prime factors of 822619.
7, 117517
List the prime factors of 937664.
2, 7, 13, 23
What are the prime factors of 12443250?
2, 3, 5, 47, 353
List the prime factors of 6930259.
7, 990037
List the prime factors of 6686923.
1663, 4021
List the prime factors of 2313372.
2, 3, 192781
What are the prime factors of 3399442?
2, 19, 89459
What are the prime factors of 1460025?
3, 5, 7, 103
List the prime factors of 3243440.
2, 5, 40543
What are the prime factors of 11457?
3, 19, 67
What are the prime factors of 154825?
5, 11, 563
List the prime factors of 1295924.
2, 7, 31, 1493
What are the prime factors of 139515?
3, 5, 71, 131
List the prime factors of 14092.
2, 13, 271
List the prime factors of 291040.
2, 5, 17, 107
What are the prime factors of 12172086?
2, 3, 53, 4253
What are the prime factors of 25867?
25867
What are the prime factors of 245763?
3, 7, 47, 83
List the prime factors of 213949.
213949
What are the prime factors of 108192?
2, 3, 7, 23
List the prime factors of 572535.
3, 5, 4241
What are the prime factors of 10096244?
2, 2524061
What are the prime factors of 5058575?
5, 202343
What are the prime factors of 2078128?
2, 13, 97, 103
What are the prime factors of 4203319?
23, 127, 1439
What are the prime factors of 1453758?
2, 3, 79, 3067
List the prime factors of 2782411.
2782411
What are the prime factors of 300767?
167, 1801
What are the prime factors of 337809?
3, 112603
What are the prime factors of 2201903?
11, 47, 4259
What are the prime factors of 507448?
2, 137, 463
What are the prime factors of 5285245?
5, 7, 151007
List the prime factors of 2049368.
2, 113, 2267
What are the prime factors of 2213175?
3, 5, 23, 1283
What are the prime factors of 2026793?
127, 15959
What are the prime factors of 469933?
571, 823
List the prime factors of 14576632.
2, 7, 131, 1987
List the prime factors of 2178005.
5, 37, 61, 193
What are the prime factors of 3370058?
2, 53, 31793
List the prime factors of 685901.
271, 2531
List the prime factors of 879504.
2, 3, 73, 251
What are the prime factors of 7497867?
3, 13, 17, 43, 263
What are the prime factors of 231564?
2, 3, 23, 839
List the prime factors of 11993355.
3, 5, 11, 24229
What are the prime factors of 1790711?
13, 23, 53, 113
List the prime factors of 1996044.
2, 3, 41, 4057
List the prime factors of 2402640.
2, 3, 5, 47, 71
List the prime factors of 162004.
2, 101, 401
List the prime factors of 41801.
41801
List the prime factors of 1824039.
3, 7, 3217
List the prime factors of 89925.
3, 5, 11, 109
List the prime factors of 333791.
333791
What are the prime factors of 4611997?
13, 149, 2381
What are the prime factors of 791869?
13, 60913
What are the prime factors of 171180?
2, 3, 5, 317
What are the prime factors of 2461053?
3, 7, 117193
What are the prime factors of 6784366?
2, 577, 5879
What are the prime factors of 2999895?
3, 5, 43, 4651
What are the prime factors of 3298457?
19, 9137
What are the prime factors of 1848056?
2, 7, 61, 541
List the prime factors of 2615510.
2, 5, 29, 311
What are the prime factors of 88264?
2, 11, 17, 59
What are the prime factors of 601214?
2, 31, 9697
List the prime factors of 1498318.
2, 181, 4139
What are the prime factors of 1427713?
7, 29137
What are the prime factors of 2208961?
197, 11213
List the prime factors of 976491.
3, 108499
List the prime factors of 2729372.
2, 83, 8221
List the prime factors of 947115.
3, 5, 13, 1619
What are the prime factors of 321990?
2, 3, 5, 10733
List the prime factors of 289768.
2, 29, 1249
List the prime factors of 22337.
7, 3191
List the prime factors of 3542305.
5, 13, 54497
List the prime factors of 4865235.
3, 5, 19, 43, 397
List the prime factors of 7805076.
2, 3, 37, 17579
What are the prime factors of 4355372?
2, 7, 23, 6763
List the prime factors of 640800.
2, 3, 5, 89
List the prime factors of 18480059.
13, 1421543
What are the prime factors of 949048?
2, 97, 1223
List the prime factors of 408201.
3, 136067
What are the prime factors of 13917865?
5, 13, 277, 773
What are the prime factors of 245522?
2, 122761
What are the prime factors of 20745196?
2, 97, 127, 421
List the prime factors of 14989307.
23, 67, 71, 137
List the prime factors of 2973954.
2, 3, 31, 59, 271
What are the prime factors of 194059?
43, 4513
What are the prime factors of 11717909?
7, 127, 269
What are the prime factors of 360248?
2, 7, 919
What are the prime factors of 11348237?
59, 192343
List the prime factors of 360413.
353, 1021
List the prime factors of 487904.
2, 79, 193
What are the prime factors of 451729?
97, 4657
List the prime factors of 363940.
2, 5, 31, 587
What are the prime factors of 2517695?
5, 23, 21893
List the prime factors of 4915546.
2, 31, 79283
What are the prime factors of 3771742?
2, 13, 11159
List the prime factors of 87479.
7, 12497
List the prime factors of 5142363.
3, 23, 74527
What are the prime factors of 300422?
2, 150211
List the prime factors of 853347.
3, 11, 19, 1361
List the prime factors of 13232257.
31, 127, 3361
What are the prime factors of 46279?
46279
List the prime factors of 99303.
3, 79, 419
What are the prime factors of 1404261?
3, 37, 4217
List the prime factors of 109794.
2, 3, 29, 631
What are the prime factors of 1223451?
3, 113, 401
What are the prime factors of 43419?
3, 41, 353
List the prime factors of 131605.
5, 26321
What are the prime factors of 227988?
2, 3, 2111
What are the prime factors of 394369?
394369
List the prime factors of 150716.
2, 41, 919
List the prime factors of 9646355.
5, 1929271
List the prime factors of 16340479.
16340479
What are the prime factors of 39762906?
2, 3, 23, 288137
List the prime factors of 898159.
29, 30971
List the prime factors of 168787.
61, 2767
What are the prime factors of 559067?
559067
List the prime factors of 3140200.
2, 5, 7, 2243
What are the prime factors of 15233796?
2, 3, 41, 10321
List the prime factors of 3079714.
2, 11, 139987
What are the prime factors of 458726?
2, 37, 6199
What are the prime factors of 50023?
50023
List the prime factors of 1780043.
1237, 1439
List the prime factors of 330329.
330329
What are the prime factors of 2821636?
2, 705409
List the prime factors of 6967915.
5, 379, 3677
List the prime factors of 10085404.
2, 7, 360193
What are the prime factors of 10237382?
2, 37, 3739
What are the prime factors of 1423314?
2, 3, 107, 739
List the prime factors of 21685260.
2, 3, 5, 361421
List the prime factors of 209999.
373, 563
List the prime factors of 16223449.
11, 1474859
What are the prime factors of 3635371?
3635371
List the prime factors of 14140997.
13, 19, 57251
List the prime factors of 10226553.
3, 101, 33751
List the prime factors of 512724.
2, 3, 42727
List the prime factors of 11557145.
5, 1433, 1613
List the prime factors of 13643037.
3, 41, 36973
List the prime factors of 13135.
5, 37, 71
List the prime factors of 12298.
2, 11, 13, 43
What are the prime factors of 3119362?
2, 41, 109, 349
What are the prime factors of 7655088?
2, 3, 7, 22783
What are the prime factors of 1229406?
2, 3, 17, 709
List the prime factors of 2314995.
3, 5, 154333
What are the prime factors of 13523190?
2, 3, 5, 83, 5431
List the prime factors of 447945.
3, 5, 29863
List the prime factors of 130674.
2, 3, 29, 751
What are the prime factors of 2798?
2, 1399
What are the prime factors of 11696759?
11696759
What are the prime factors of 2304337?
7, 329191
List the prime factors of 430766.
2, 7, 29, 1061
What are the prime factors of 7185176?
2, 898147
List the prime factors of 320827.
13, 23, 29, 37
List the prime factors of 530590.
2, 5, 97, 547
What are the prime factors of 67427?
67427
List the prime factors of 891284.
2, 163, 1367
List the prime factors of 553354.
2, 337, 821
What are the prime factors of 18497251?
73, 253387
What are the prime factors of 21220888?
2, 13, 204047
What are the prime factors